 Let f be y(d). List the prime factors of 11/((-110)/f)*5.
2, 3
What are the prime factors of 24159/8 - 13/(-104)?
2, 5, 151
Let b be (422/5)/2 + 8/10. Suppose 114 = h + 2*m, -m + b - 499 = -4*h. What are the prime factors of h?
2, 3, 19
Let l be 4 + 4 + -2 - -3. Let d(u) = u**3 - 9*u**2 + 2*u + 2. Let c be d(l). What are the prime factors of (-2 + -3)*(-192)/c?
2, 3
Let n = 59 - 108. Let l = n - -31. What are the prime factors of (4 - 3)/((-3)/l)?
2, 3
Suppose -b + f + 21 = 4, 4*b - 5*f - 68 = 0. Let t(h) = -h**3 + 17*h**2 + h. What are the prime factors of t(b)?
17
Let n(f) = 4*f**2 + 15*f + 4. Let u(s) = 2*s**2 + s - 6. Let t be u(0). What are the prime factors of n(t)?
2, 29
Suppose 3*t - 3*s - 12 = 0, -s = -2*t + 4 + 2. Let p be (-105)/(-14)*t*1. What are the prime factors of ((-27)/(-2))/(p/40)?
2, 3
Let v(r) = 6*r**2 - r - 1011 + 0*r + 1001. What are the prime factors of v(4)?
2, 41
Let s = 3477 - 1270. List the prime factors of s.
2207
Suppose p = -5*l + 3*p + 500, p + 397 = 4*l. Let t = l - 10. Suppose -2*b - x = -0*x - t, 178 = 4*b + x. List the prime factors of b.
3, 5
Suppose b - 12 = 14. Let i be (-3 + -1)*b/(-4). What are the prime factors of (i - (2 + 1))*1?
23
Let k(h) = -11*h**3 + 12*h**2 + 3*h + 22. List the prime factors of k(-5).
2, 29
Let k(j) = -123*j + 5. Let w be k(2). Let i = -162 - w. Suppose 0 = 3*b - i - 8. What are the prime factors of b?
29
List the prime factors of 264 - ((-30)/(-45) - (-5)/(-3)).
5, 53
Let m(g) = -3*g + 39. Let k be m(8). Let n = 1 - 13. Let l = n + k. List the prime factors of l.
3
Suppose -30 = 7*d - 2*d. Let r be 8/d*(-4 - 5). Suppose -58 = -2*j - r. List the prime factors of j.
23
Let y = -22 - -22. Suppose -j - j - 102 = y. Let o = -14 - j. What are the prime factors of o?
37
Let s be -4 + 4 + 13 + -1. List the prime factors of 15 + s/3 - 4.
3, 5
Suppose 2*q + 2*r + 1 = -1, q + 2*r = -5. Suppose -3*i - 180 = -q*z, 14 = -3*z - 4*i + 166. What are the prime factors of z?
2, 7
Let i(j) = 8*j + 38. What are the prime factors of i(7)?
2, 47
Suppose 3*v + 27 = -4*j, 0 = -5*v - 2*j + j - 28. Suppose 10*u - 111 - 29 = 0. Let s = v + u. What are the prime factors of s?
3
Let y = 37 + -37. Suppose y = -d - d + 2, 2*d - 38 = -2*o. What are the prime factors of o?
2, 3
Suppose 2*t + 72 = -3*f, -2*t - 40 = f - 6*f. Let g be t/(3 + 18/(-4)). Suppose r + 4*o - 13 = g, -67 = -3*r - 4*o. What are the prime factors of r?
17
Let r(d) = -13*d**2 + 15 - 3*d**3 + 4*d**3 + 5*d**2. What are the prime factors of r(9)?
2, 3
Let g = -1313 - -2573. List the prime factors of g.
2, 3, 5, 7
Suppose 0 = -23*m + 34*m - 55. List the prime factors of (5 - m) + 289 - 1.
2, 3
Let a(b) = -b**3 - 2*b**2 + 7*b + 10. Let u be a(-4). Suppose -285 = u*k - 17*k. List the prime factors of k.
5, 19
List the prime factors of ((-300)/(-80))/(6/584).
5, 73
Let p(a) = 13*a**2 + 8*a - 73. What are the prime factors of p(7)?
2, 5, 31
What are the prime factors of 5*((-834)/(-10) + 0)?
3, 139
List the prime factors of -2*7/119 - 14284/(-34).
2, 3, 5, 7
Let a = -25 - -17. Let l be (-2*1)/((-4)/a). List the prime factors of 2/l - 188/(-8).
23
Suppose 0 = -39*p + 27*p + 1620. Let u(f) = -2*f - 4. Let w be u(-4). Suppose p = w*n + n. List the prime factors of n.
3
Let w = 94 - 184. Let b = -51 - w. What are the prime factors of b?
3, 13
Suppose -4*z + 7*k = 2*k + 338, 2*k - 344 = 4*z. Let s = 55 - z. What are the prime factors of s?
2, 71
Suppose -5*s - 5*s - 40 = 0. What are the prime factors of 259 + (1 + -1 - s)?
263
Let g(o) = 116 - 118 - o + 2*o. What are the prime factors of g(10)?
2
Suppose -2*q + 29 = -131. Suppose 115 = 5*k - q. List the prime factors of k.
3, 13
Suppose -18*i + 2826 = 54. What are the prime factors of i?
2, 7, 11
Let l(v) = v - 1. Let c be l(4). Suppose -3*w + 53 = -w - 3*r, 105 = c*w + 4*r. What are the prime factors of w - (-9)/(-6)*2?
2, 7
Let y(p) = -p**2 - 3*p - 7. Let n be y(5). Let f = 38 + n. Let m = 5 - f. What are the prime factors of m?
2, 7
Let k be (6/(-9))/((-3)/27). Let z be (-4)/10 - k/10. What are the prime factors of -4 - -7 - (z - 33)?
37
Suppose 0 = 5*z - 2*d, -3*z - 19 = -0*z - 5*d. Suppose -z*m = -m - 3. Suppose 5*r + i - 114 = 0, -r - m*r = i - 91. What are the prime factors of r?
23
Let n(j) = 5*j**2 - 2*j - 2. Let w be n(-2). Suppose m - 2*m = -w. What are the prime factors of m?
2, 11
Suppose 4*n - 5*u + 326 = 0, n + u + 94 = -4*u. Let p = 41 - n. What are the prime factors of p?
5
Let n = -244 + 450. List the prime factors of n.
2, 103
Let q(m) = -m**2 + 7*m + 14. Let v be q(-8). Let d = v + 160. List the prime factors of d.
2, 3
Let x = 4632 - 2160. List the prime factors of x.
2, 3, 103
Suppose 9 = -10*d + 7*d. Let k = d - -7. Suppose 3*z = -0*w + k*w - 94, -2*w + 5*z = -40. What are the prime factors of w?
5
List the prime factors of 64/((2/5)/(11/5)).
2, 11
Let q(g) = -g**3 + 6*g**2 + 8*g - 5. Let w be q(7). Suppose -w - 4 = -f - x, -x = -2. Suppose -21 = -f*h - 9. What are the prime factors of h?
3
Let a be 20/12*6/5 - -43. Let z be 4/(-14) - (-128)/7. Let u = a - z. What are the prime factors of u?
3
Let o be 3/2 - 3/(-6). Suppose -o*b + 55 = -3*p, 32 = 3*b + 4*p - 25. What are the prime factors of b?
23
Let s = 10 - 7. Suppose 0*k + s = k. Suppose y - 3 - 1 = -j, -k*j + 17 = 2*y. What are the prime factors of j?
3
Let d(m) = -3*m + 17. Let o be d(4). List the prime factors of (54/o)/(2/25).
3, 5
Suppose 6*a + 826 = 2422. List the prime factors of a.
2, 7, 19
Let y(o) = 2*o**2 + 1. Let n be y(1). Let l(x) = -x**3 + n - 3*x**2 + 2*x**3 - 3*x**2 + 4*x**2. List the prime factors of l(3).
2, 3
Let v(r) = r**2 + 11*r + 4. Let i be v(-7). Let o = i - -50. Let p = o + -14. List the prime factors of p.
2, 3
Let d(c) = -c**2 - c - 9. Let r be d(0). Let a be (r/2)/((-6)/(-32)). What are the prime factors of (-316)/(-6) + (-8)/a?
53
Suppose 3*j - 11*t - 1222 = -7*t, -422 = -j + 5*t. What are the prime factors of j?
2, 3, 67
What are the prime factors of (-7)/(-63) + 16536/27*2?
5, 7
Let i(x) = -90*x - 228. List the prime factors of i(-9).
2, 3, 97
Let b be (-4 + (21 - -2))*8. Suppose 2*y + 5*l = -2*y + 313, 0 = 2*y + 4*l - b. Let q = -21 + y. List the prime factors of q.
61
Suppose 3*p = p. Let w(o) = 0 + p + 4 + 7*o - 16*o + o**2. What are the prime factors of w(13)?
2, 7
Let h be (2 + (-12)/3)/(-1). Suppose 0 - 24 = -l + 4*q, -5*l = -h*q - 138. Suppose 5*n - l = n. List the prime factors of n.
7
Let h(f) = 4*f. Let b be h(-6). Let u = 44 + b. Let m = u + -1. What are the prime factors of m?
19
Let z(s) = s**3 - 12*s**2 - 13*s + 7. Let a be z(-6). Let w = -305 - a. What are the prime factors of w?
2, 3, 43
Suppose 8*f = -316 + 3004. What are the prime factors of f?
2, 3, 7
Suppose 5*s - 25 = -5*h, -5 = -3*h + 2*s - 0. Suppose 3*j - 5*j = -z - 116, h*j - 176 = 2*z. List the prime factors of j.
2, 7
Let x = 380 + -285. What are the prime factors of x?
5, 19
Let x be 5/10*-8 + -3. Let p(i) = -i**3 - 8*i**2 - 8*i + 4. What are the prime factors of p(x)?
11
Suppose -3*c - 13 = -4. Let r(y) = -y + 7. Let h be r(c). Suppose h*n - 140 = 5*n. What are the prime factors of n?
2, 7
Suppose 77 = -4*r + 4*f - 187, 5*r + 4*f = -330. Suppose -5*l = 5*p - 490, -13 + 106 = l - 4*p. Let t = r + l. What are the prime factors of t?
31
Let i(b) = -2*b**2 + 5*b - 4. Let p be i(2). Let n be 3/(3 + -4 - p). Suppose -n*a + 3 = -3. What are the prime factors of a?
2
What are the prime factors of 1*(0/16 - (-1192 - 1))?
1193
Let r be (288/(-168))/(2/(-7)). Let i(j) = 3*j**2 + 23*j - 5. Let b(f) = f**2 + 11*f - 3. Let a(h) = 5*b(h) - 2*i(h). List the prime factors of a(r).
13
Suppose -7*p - 103 + 530 = 0. List the prime factors of p.
61
Suppose 181 = 5*c - 129. Let r = 7 - c. What are the prime factors of (-198)/r + 2/5?
2
Suppose 25 = -t - 3*m, 100 = -4*t + 3*m + m. Let d = 32 + t. List the prime factors of d.
7
Let k = -2905 - -5736. What are the prime factors of k?
19, 149
Suppose 24*f = 23*f + 18. Let o = f - 1. What are the prime factors of o?
17
What are the prime factors of (1*370/15)/(4/90)?
3, 5, 37
Let g = -608 - -656. List the prime factors of g.
2, 3
Suppose -3*j + q = -13, 10*j = 6*j + q + 16. List the prime factors of 608/j + (-34)/51.
2, 101
Suppose 12*k = 19*k - 1246. List the prime factors of k.
2, 89
S